 remainder when 4357 is divided by 360?
37
What is the remainder when 115 is divided by 41?
33
What is the remainder when 75 is divided by 19?
18
What is the remainder when 546 is divided by 541?
5
Calculate the remainder when 4559 is divided by 80.
79
What is the remainder when 88 is divided by 40?
8
What is the remainder when 2429 is divided by 64?
61
What is the remainder when 92 is divided by 49?
43
What is the remainder when 499 is divided by 36?
31
What is the remainder when 603 is divided by 78?
57
What is the remainder when 217 is divided by 102?
13
What is the remainder when 117 is divided by 46?
25
What is the remainder when 8966 is divided by 2239?
10
What is the remainder when 280 is divided by 22?
16
Calculate the remainder when 182 is divided by 60.
2
What is the remainder when 167 is divided by 22?
13
What is the remainder when 899 is divided by 41?
38
Calculate the remainder when 160 is divided by 50.
10
Calculate the remainder when 89 is divided by 57.
32
What is the remainder when 789 is divided by 24?
21
What is the remainder when 3890 is divided by 118?
114
Calculate the remainder when 174 is divided by 42.
6
What is the remainder when 66 is divided by 63?
3
Calculate the remainder when 1597 is divided by 159.
7
Calculate the remainder when 115 is divided by 39.
37
What is the remainder when 28 is divided by 4?
0
Calculate the remainder when 367 is divided by 118.
13
Calculate the remainder when 157 is divided by 84.
73
What is the remainder when 715 is divided by 270?
175
What is the remainder when 160 is divided by 54?
52
What is the remainder when 116 is divided by 17?
14
What is the remainder when 184 is divided by 39?
28
What is the remainder when 185 is divided by 24?
17
What is the remainder when 5 is divided by 2?
1
What is the remainder when 112 is divided by 23?
20
What is the remainder when 285 is divided by 26?
25
What is the remainder when 1976 is divided by 53?
15
Calculate the remainder when 399 is divided by 23.
8
Calculate the remainder when 5522 is divided by 85.
82
Calculate the remainder when 133 is divided by 65.
3
What is the remainder when 195 is divided by 11?
8
What is the remainder when 451 is divided by 3?
1
Calculate the remainder when 1338 is divided by 25.
13
Calculate the remainder when 117 is divided by 11.
7
Calculate the remainder when 2176 is divided by 243.
232
What is the remainder when 181 is divided by 49?
34
Calculate the remainder when 393 is divided by 16.
9
What is the remainder when 249 is divided by 22?
7
What is the remainder when 85 is divided by 22?
19
What is the remainder when 225 is divided by 27?
9
Calculate the remainder when 452 is divided by 35.
32
Calculate the remainder when 848 is divided by 205.
28
Calculate the remainder when 835 is divided by 2.
1
What is the remainder when 849 is divided by 25?
24
Calculate the remainder when 425 is divided by 85.
0
What is the remainder when 410 is divided by 89?
54
What is the remainder when 340 is divided by 9?
7
What is the remainder when 105 is divided by 94?
11
Calculate the remainder when 384 is divided by 56.
48
Calculate the remainder when 4546 is divided by 35.
31
What is the remainder when 663 is divided by 312?
39
What is the remainder when 424 is divided by 388?
36
Calculate the remainder when 2046 is divided by 32.
30
Calculate the remainder when 554 is divided by 181.
11
Calculate the remainder when 54 is divided by 46.
8
Calculate the remainder when 3198 is divided by 43.
16
What is the remainder when 1534 is divided by 48?
46
What is the remainder when 2243 is divided by 17?
16
Calculate the remainder when 1517 is divided by 152.
149
What is the remainder when 40 is divided by 7?
5
What is the remainder when 7444 is divided by 49?
45
What is the remainder when 250 is divided by 86?
78
Calculate the remainder when 1763 is divided by 193.
26
Calculate the remainder when 347 is divided by 26.
9
Calculate the remainder when 71 is divided by 33.
5
What is the remainder when 1504 is divided by 374?
8
What is the remainder when 312 is divided by 52?
0
Calculate the remainder when 41 is divided by 18.
5
What is the remainder when 36 is divided by 22?
14
Calculate the remainder when 2193 is divided by 53.
20
Calculate the remainder when 606 is divided by 108.
66
Calculate the remainder when 38 is divided by 25.
13
What is the remainder when 1593 is divided by 12?
9
Calculate the remainder when 854 is divided by 22.
18
What is the remainder when 7360 is divided by 199?
196
What is the remainder when 811 is divided by 260?
31
Calculate the remainder when 361 is divided by 11.
9
Calculate the remainder when 4230 is divided by 1056.
6
Calculate the remainder when 2402 is divided by 65.
62
Calculate the remainder when 1215 is divided by 100.
15
What is the remainder when 69 is divided by 19?
12
Calculate the remainder when 571 is divided by 8.
3
Calculate the remainder when 974 is divided by 40.
14
Calculate the remainder when 65 is divided by 40.
25
Calculate the remainder when 105 is divided by 31.
12
What is the remainder when 1940 is divided by 24?
20
What is the remainder when 178 is divided by 107?
71
What is the remainder when 23 is divided by 17?
6
What is the remainder when 12087 is divided by 755?
7
Calculate the remainder when 1293 is divided by 48.
45
What is the remainder when 883 is divided by 17?
16
Calculate the remainder when 234 is divided by 40.
34
What is the remainder when 4333 is divided by 13?
4
Calculate the remainder when 150 is divided by 53.
44
Calculate the remainder when 113 is divided by 34.
11
Calculate the remainder when 339 is divided by 32.
19
Calculate the remainder when 648 is divided by 93.
90
What is the remainder when 526 is divided by 211?
104
What is the remainder when 1138 is divided by 17?
16
Calculate the remainder when 991 is divided by 490.
11
Calculate the remainder when 130 is divided by 48.
34
Calculate the remainder when 135 is divided by 23.
20
Calculate the remainder when 173 is divided by 35.
33
What is the remainder when 1988 is divided by 11?
8
Calculate the remainder when 835 is divided by 20.
15
Calculate the remainder when 383 is divided by 72.
23
Calculate the remainder when 234 is divided by 14.
10
What is the remainder when 279 is divided by 10?
9
Calculate the remainder when 1293 is divided by 85.
18
What is the remainder when 969 is divided by 46?
3
Calculate the remainder when 75 is divided by 14.
5
Calculate the remainder when 1663 is divided by 54.
43
Calculate the remainder when 2965 is divided by 56.
53
What is the remainder when 7541 is divided by 46?
43
What is the remainder when 1430 is divided by 27?
26
What is the remainder when 303 is divided by 9?
6
What is the remainder when 376 is divided by 149?
78
Calculate the remainder when 8290 is divided by 58.
54
Calculate the remainder when 7250 is divided by 31.
27
What is the remainder when 1391 is divided by 227?
29
What is the remainder when 293 is divided by 61?
49
What is the remainder when 9437 is divided by 16?
13
What is the remainder when 24 is divided by 13?
11
What is the remainder when 350 is divided by 44?
42
What is the remainder when 301 is divided by 19?
16
Calculate the remainder when 364 is divided by 23.
19
Calculate the remainder when 2570 is divided by 66.
62
What is the remainder when 778 is divided by 73?
48
What is the remainder when 586 is divided by 14?
12
Calculate the remainder when 272 is divided by 47.
37
Calculate the remainder when 7 is divided by 3.
1
What is the remainder when 643 is divided by 204?
31
Calculate the remainder when 377 is divided by 24.
17
Calculate the remainder when 10 is divided by 4.
2
Calculate the remainder when 13715 is divided by 28.
23
What is the remainder when 848 is divided by 50?
48
What is the remainder when 144 is divided by 56?
32
What is the remainder when 1162 is divided by 12?
10
Calculate the remainder when 306 is divided by 79.
69
Calculate the remainder when 208 is divided by 53.
49
Calculate the remainder when 1989 is divided by 491.
25
What is the remainder when 370 is divided by 129?
112
Calculate the remainder when 950 is divided by 34.
32
What is the remainder when 2726 is divided by 105?
101
What is the remainder when 6654 is d